2 - (-6 - -2)).
-2
Evaluate -5 + 3 - (28 + -38).
8
Calculate 5 - (9 + -5 + 3) - 4.
-6
Evaluate 9 - 10 - (5 - 2).
-4
Evaluate 1 - (-36 + 38 - (-1 - 0)).
-2
Calculate -3 - (-5 - 0 - -8).
-6
(8 - 10) + 1 + 4
3
What is 1 - -9 - (1 - (-2 - 2))?
5
Calculate (-115 - -122) + (-11 - -1).
-3
Calculate -4 + 4 + 1 - 0.
1
Calculate -2 + (1 - (3 + -7 - -6)).
-3
-3 + (2 - -2) - (2 + -2)
1
-47 - -42 - (-6 + -1 + 1)
1
Calculate -2 + 2 + -6 - -2.
-4
Evaluate 2 + 3 - (13 - 9 - 1).
2
Calculate 7 - (3 + (-5 - (-8 - -1))).
2
What is -14 - -10 - (-7 - -4)?
-1
Evaluate (-5 - -2) + 18 + -6 + -6.
3
Calculate 0 - (0 + 1 - 4).
3
Evaluate 19 - 0 - (-32 - -44).
7
Evaluate -2 + -3 + 2 - 0.
-3
Evaluate 92 + -95 + -1 + -5.
-9
-2 + -1 + 2 + 1 + -2
-2
Evaluate 0 + -1 + -4 + -21 + 25.
-1
10 - (10 + -1 + -3)
4
4 + 6 + 2 + -5 + -3
4
What is 0 - (-3 + 0 - (-33 + 35))?
5
What is 0 - 6 - (1 + (-4 - -2))?
-5
Evaluate (0 - 1 - 1) + 7.
5
What is 4 + -6 + -3 - -1?
-4
Calculate 4 + -2 + 2 + -6.
-2
Evaluate -3 + (1 + -4 - -5) - -2.
1
-1 + (3 - 1) + -3 + 0
-2
Evaluate -5 + 0 - (8 - (13 - 6)).
-6
Evaluate 4 - -2 - (12 - 1).
-5
Calculate 5 + -3 + 5 - 9.
-2
0 - (-2 + 0 + (6 - 0))
-4
1 + -4 - (-6 - (1 + 0))
4
What is (4 + -1 - 4) + -2 + 1?
-2
Evaluate -5 + 6 + (4 - (1 - -3)).
1
Calculate 2 - (2 + (5 - 6)).
1
What is 4 + -3 + 2 + -3?
0
Evaluate -13 - (-11 + 11 + -9).
-4
7 + -2 - 2 - -4
7
What is -2 - (1 + 1 + -6)?
2
What is -13 + 18 - (1 - -6)?
-2
What is 1 - 3 - (11 - (-2 + 14))?
-1
Evaluate 12 + -7 + (-2 + 2 - -3).
8
Calculate (14 - (-5 - -13)) + (-2 - -3).
7
What is the value of (2 + -4 + -3 - -4) + -2?
-3
What is the value of (0 - -2 - (-2 - 0)) + 1?
5
Calculate (4 - 17) + -1 + 12.
-2
Calculate (19 - 24) + 1 + 5.
1
What is the value of 3 + -5 + 3 + -2 - -5?
4
What is the value of -7 + 1 + (-31 - -35)?
-2
-2 + 17 + (-5 - 4)
6
What is 5 - (-7 - (-8 + -7))?
-3
Evaluate -4 - -7 - (2 - 4).
5
Calculate -1 - (3 - 10 - -4).
2
Evaluate -2 + -5 + (5 - (0 - -2)).
-4
What is the value of -5 + (-5 + 9 - 1)?
-2
What is the value of -1 + 8 + -10 + 4 + 4?
5
What is (-1 - 5) + 7 + 2?
3
Evaluate 8 + (0 + 7 - 8).
7
(-6 - (-3 + -2)) + 6 - 0
5
-5 + (7 - 2) + (4 - 2)
2
What is (-6 - (-8 - 1)) + (-8 - -1)?
-4
Calculate (0 - 4) + (29 - 4 - 16).
5
What is the value of 4 - 2 - (9 - 0)?
-7
Evaluate (1 + 3 - -2 - -4) + -8.
2
-2 - (-1 + -2 + (26 - 26))
1
What is the value of 5 - (-1 - (-9 - -6))?
3
What is (-19 - -13) + (1 - -2)?
-3
Evaluate -5 - ((2 - 5) + -7).
5
What is the value of 2 + (2 - 0 - (3 - 1))?
2
(5 + -1 - -1) + 0
5
Calculate (61 - 58) + -1 + -10.
-8
Evaluate -2 + -2 + 8 - 9.
-5
What is the value of 39 + -41 - (1 + 2 + -1)?
-4
What is the value of -5 + (17 - (-1 + 7)) + -4?
2
5 + 3 - 4 - 3 - 3
-2
What is the value of (2 - 2 - -1) + -16 + 13?
-2
(6 - 11 - -2) + (10 - 0)
7
What is the value of (13 - (9 + -6)) + -7?
3
Calculate (0 - (-1 + 5 + -5)) + -7.
-6
What is the value of 15 + 4 + -12 + 4?
11
Evaluate 5 - (9 + -15 + (8 - 2)).
5
-31 - -34 - (6 + 0) - -6
3
What is the value of (-10 - -6 - 1) + 7?
2
What is 3 + (0 - 0 - -4) + -11?
-4
Calculate 5 + 4 + 1 + 0.
10
4 + (-6 - 2) - -10
6
What is -2 - ((3 - -4) + -6)?
-3
What is -2 + 0 + (-63 - -67)?
2
What is 11 - (4 - -7) - (5 + -1)?
-4
4 - (-2 - (-2 - (4 + -4)))
4
Evaluate -9 + (-5 - -1) + 9.
-4
Evaluate 5 - (9 - 4) - -2.
2
What is (-9 - (-4 - 1)) + 2?
-2
Evaluate 10 + 3 + -21 + 8.
0
What is the value of 4 + (-1 - -1) - (-110 - -110)?
4
1 + (-4 - -1) + 1 + 2
1
What is the value of -1 + (3 - 1) - 0?
1
What is the value of 0 + (-4 - -6 - 4)?
-2
Calculate 11 + -3 - (4 - -3).
1
Evaluate -2 - (3 + (8 - 5 - 4)).
-4
What is the value of 12 - (-8 - (-17 - 12))?
-9
What is the value of -3 - (-1 + 2 + -5)?
1
Evaluate 3 + 3 + -7 + 1.
0
Evaluate -2 + 4 + (-2 - (5 + -1)).
-4
Calculate -10 + (2 - (5 + -8)).
-5
What is (-5 - 3 - -1) + 15?
8
Evaluate (-3 - -3) + 1 + 0 + 0.
1
What is the value of (0 - 3) + (-4 - (2 + -9))?
0
1 + (-2 - (3 - 4))
0
Calculate (1 - 3 - (30 + -31)) + 0.
-1
What is the value of 2 - (8 + -5 - 4)?
3
(-7 - -22) + -21 - (-20 + 3)
11
Evaluate 1 + 5 - (-119 + 124).
1
What is the value of -9 + 2 + 2 + (1 - 0)?
-4
Calculate -5 + 5 - (-2 + 3).
-1
Calculate -2 - 5 - (7 - 11).
-3
What is the value of (1 - 0) + (15 - 21)?
-5
(0 - -1) + 3 - (5 - 4)
3
-7 + (-3 - ((-5 - -5) + -5))
-5
What is (29 - 27) + (1 - 0)?
3
-1 - 0 - (-1 + 3)
-3
What is the value of 0 - ((0 - -1) + (31 - 31))?
-1
What is -7 - (3 + -9 - 3)?
2
Calculate -1 + (-4 - (-2 + -6)).
3
What is -3 + (-4 - -1 - (9 + -9))?
-6
0 + (-6 - -2 - 2)
-6
Calculate 2 + 4 + -19 + 8.
-5
What is 2 + -5 + -5 + -3 + 5?
-6
Calculate -7 - (-6 + (6 - 7)) - -6.
6
Calculate 4 + -3 + 2 + -5.
-2
Calculate 2 - (-1 + 6) - (-60 + 59).
-2
(-2 + -5 - -2) + 12 + -5
2
What is the value of (-1 - (-5 - 5)) + -11?
-2
Calculate (-6 - 9) + 5 - -9.
-1
Evaluate 4 - (8 + -1 + -4 + -3).
4
What is the value of -8 + 3 - -1 - (3 + -3)?
-4
Evaluate 1 + 4 + (9 + -24 - -14).
4
Calculate -18 - (0 - 9) - (-2 + 1).
-8
What is -2 - (4 - (-2 - -3))?
-5
1 - (-2 + 2) - (-3 + 0)
4
Evaluate 3 + (-6 + (-1 - -3) - -7).
6
Calculate -1 + (-5 - -4) + -8 + 5.
-5
What is 2 + 1 - (4 + -7 + 7)?
-1
Evaluate -2 + (7 - (9 + -7)) + 3.
6
What is the value of -1 + (-3 + 8 + -2 - 3)?
-1
What is the value of -4 + 10 + -4 + 0 - 1?
1
What is (-9 - -2) + (48 - 44)?
-3
Calculate (4 + -10 - 1) + 5.
-2
-12 + 3 + -4 + 3 - -5
-5
0 + (1 - 6) - -2
-3
Evaluate -4 - (-7 - (-2 + (3 - 6))).
-2
-1 + 2 - (0 + -4)
5
What is the value of (-6 - -2) + 2 + -1 - -2?
-1
What is -4 + 8 + -5 + 4?
3
Calculate 2 - ((-1 - 2) + -3 + 8).
0
Evaluate -4 - (-7 - -5) - (-3 - 1).
2
What is the value of 2 + 1 + -6 + 0?
-3
Evaluate 5 + -13 - 0 - -5.
-3
Calculate 11 + -24 + 13 + 3.
3
Calculate (4 - (5 - 3)) + 0 + -1.
1
What is (4 - 2 - 2) + (11 - 13)?
-2
-6 + 4 - 2 - (-4 + 2)
-2
Calculate 4 + (4 - 4) + -5.
-1
-1 + (-4 - -9) + -4 - 0
0
2 + -2 + (-10 - -9)
-1
Calculate 1 + (-7 - 1) + 9.
2
7 - 7 - (-2 + (6 - 1))
-3
What is the value of -15 + (12 - (8 - 4 - -1))?
-8
What is 4 - -1 - (1 + (2 - -5))?
-3
7 + (-3 - -2) - (2 + 1)
3
Calculate 25 + -9 - 5 - 9.
2
What is the value of 2 + -4 - -3 - (0 - 0)?
1
What is (1 - (2 + -2)) + 4?
5
What is the value of 13 - (-7 - 1 - -21)?
0
What is (-11 - -4 - 0 - -4) + 7?
4
What is the value of 1 + -3 - (4 + -6)?
0
-1 - (-2 - (-2 + 3) - 1)
3
What is -6 + -6 + (5 - (-5 - -5))?
-7
(-34 - -41) + (-4 - -1) + 1
5
Evaluate -11 + -1 + (-4 - -7 - 0).
-9
What is 0 - -3 - (7 + -9)?
5
What is -4 - (-2 - (3 + -3))?
-2
What is -2 + 6 + 11 + -5?
10
Evaluate 7 + -3 + -10 + 6.
0
What is -4 - (3 + -3 - -1 - 7)?
2
What is the value of 8 + (-9 - (10 + -11))?
0
Evaluate (-4 - (0 - -3 - 5)) + 1.
-1
What is 0 - (-5 + (4 - 0))?
1
What is (0 - -4) + (-11 - -9 - -1)?
3
What is the value of 6 + -7 + 6 + -5 + 5?
5
What is 3 + (-6 - -5) + -6 + 3?
-1
What is the value of -1 - ((1 - (0 - 4)) + -2)?
-4
What is the value of 5 - (-1 - -6 - 6)?
6
What is 1 - 3 - (1 - 3)?
0
What is the value of -5 - -6 - (4 + -1)?
-2
What is the value of (4 - 5 - -2) + -1?
0
Evaluate 17 + -2 + -20 - (-1 + 2).
-6
(-1 - -3) + (3 - 4)
1
What is the value of 0 - (0 + -4 + -4) - 3?
5
What is the value of -2 - -3 - (4 - 5 - -1)?
1
What is the value of (-3 - -1 - -1) + 46 + -48?
-3
What is (7 - 1) + -6 + (10 - 5)?
5
What is -5 - (-8 + 2 + 6)?
-5
-2 + -2 - (-7 + (-3 - -12))
-6
What is the value of (-4 - (-1 - 0 - 1)) + -2?
-4
Evaluate 1 + 7 + -4 + (3 - 6).
1
What is the value of -3 - -4 - (-5 + 11)?
-5
What is the value of -14 + -6 - -5 - (-1 + -6)?
-8
What is the value of (7 - 0) + 1 + (3 - 21)?
-10
What is the value of 2 - ((7 - (4 + -4)) + -13)?
8
What is 2 - ((-4 - -3) + 7)?
-4
Calculate -4 + -10 + 9 + (-1 - -11).
5
Calculate (1 - 0) + 2 + (-4 - -6).
5
Calculate (-1 - -4) + (-10 + 5 - 0).
-2
What is the value of 5 + 6 + -3 + -11?
-3
Calculate (0 - (0 - 1)) + -9 + 11.
3
Calculate -3 + 2 + -3 + 12.
8
What is -7 + 4 - (0 + -1 + -1)?
-1
What is -13 + 7 + -5 + 7?
-4
What is the value of 5 + 4 + -7 + -3?
-1
(388 - 384) + (2 - 1 - 0)
5
14 + 0 + -10 + 5
9
What is the value of -3 + -7 + 7 + 2?
-1
0 + -2 + (-5 - -3 - -6)
2
Evaluate -14 + 3 + 1 + 4.
-6
Calculate -4 + 8 + (6 - 3 - -1).
8
What is -3 - (3 - (-10 - -19))?
3
57 + -55 + (-1 - (-2 - 3))
6
Calculate -2 + 1 + (3 + -11 - -11).
2
What is 4 - (-1 + (3 - -2))?
0
What is the value of -5 + 6